ite?
False
Is 654622103 composite?
False
Is 1297957 a composite number?
True
Is 12451217 a composite number?
False
Is 2526529 a composite number?
False
Is 134494793 a composite number?
False
Is 378379 a prime number?
True
Is 4675477 composite?
False
Is 2164213 a prime number?
False
Is 1882533 composite?
True
Is 23190359 composite?
False
Is 408374773 prime?
True
Is 22400783 composite?
False
Is 19331671 a prime number?
False
Is 874704671 composite?
False
Is 75712057 a composite number?
True
Is 2656847 prime?
True
Is 800648374 a composite number?
True
Is 41872687 composite?
True
Is 9562247 a composite number?
False
Is 87118666 a composite number?
True
Is 162404651 a prime number?
True
Is 10129871 composite?
False
Is 211162147 a composite number?
True
Is 8306369 prime?
True
Is 2149031 a prime number?
True
Is 28671697 composite?
False
Is 9069929 a composite number?
True
Is 3069359 prime?
True
Is 620525879 a composite number?
False
Is 11342633 prime?
False
Is 198336641 a prime number?
False
Is 20501009 a prime number?
True
Is 1381417 composite?
True
Is 388211 composite?
False
Is 2229469 composite?
True
Is 5577379 prime?
True
Is 31167371 a prime number?
True
Is 102085979 prime?
True
Is 16972467 a prime number?
False
Is 36317005 a composite number?
True
Is 70150859 prime?
True
Is 624419 prime?
True
Is 2681443 composite?
False
Is 9381635 composite?
True
Is 30710281 a composite number?
True
Is 426301 a prime number?
True
Is 515351 prime?
True
Is 210034887 a composite number?
True
Is 63385481 a prime number?
True
Is 2054443 composite?
False
Is 30128019 a composite number?
True
Is 12063979 composite?
True
Is 35520087 composite?
True
Is 15165539 a composite number?
False
Is 283785257 prime?
False
Is 43392677 prime?
True
Is 19706627 a composite number?
False
Is 42347883 composite?
True
Is 38059927 a composite number?
False
Is 3334913 prime?
False
Is 4744609 a composite number?
False
Is 44602585 prime?
False
Is 137185739 prime?
True
Is 6441709 a prime number?
True
Is 5649733 a composite number?
False
Is 95868757 prime?
True
Is 136782251 prime?
False
Is 40403795 a prime number?
False
Is 6777157 composite?
True
Is 115421 a composite number?
False
Is 17657 a composite number?
False
Is 29673485 prime?
False
Is 177737239 a composite number?
False
Is 7933273 prime?
True
Is 54390983 composite?
False
Is 155339737 prime?
False
Is 4267079 a composite number?
False
Is 203219 a composite number?
True
Is 84933437 composite?
False
Is 168829 composite?
True
Is 16175021 prime?
True
Is 6074477 prime?
True
Is 400823 a composite number?
False
Is 4800473 prime?
False
Is 10905199 composite?
True
Is 40505323 composite?
True
Is 42878377 a prime number?
True
Is 5796139 a composite number?
True
Is 24053569 composite?
True
Is 39052301 composite?
False
Is 36659449 prime?
True
Is 7026479 a composite number?
True
Is 5547155 a prime number?
False
Is 1262717 prime?
True
Is 20162509 a composite number?
True
Is 3016291 a prime number?
True
Is 10560187 prime?
False
Is 20097551 prime?
False
Is 34189811 prime?
False
Is 4250171 composite?
False
Is 594871949 prime?
False
Is 31989541 a composite number?
False
Is 2213963 composite?
False
Is 14970359 prime?
True
Is 15567347 composite?
True
Is 111035161 a composite number?
False
Is 7365713 a prime number?
True
Is 14089979 composite?
False
Is 4723402 a prime number?
False
Is 33379 composite?
True
Is 6734433 prime?
False
Is 221141773 prime?
True
Is 5632843 a composite number?
True
Is 1844423 prime?
False
Is 89369569 composite?
False
Is 84259087 composite?
True
Is 2637953 composite?
False
Is 3434581 prime?
True
Is 1555427 prime?
False
Is 2374633 composite?
False
Is 143137 prime?
True
Is 48708557 a composite number?
False
Is 1246533877 a composite number?
False
Is 73925521 composite?
False
Is 199373647 composite?
True
Is 2020147 prime?
True
Is 61149281 composite?
False
Is 514999 prime?
False
Is 9808151 composite?
False
Is 75345137 a prime number?
False
Is 47901167 a composite number?
True
Is 3462079 prime?
True
Is 255352309 prime?
True
Is 420437321 prime?
True
Is 2546407 a prime number?
False
Is 2695573 a composite number?
False
Is 159667 a composite number?
False
Is 344776078 a prime number?
False
Is 271426751 prime?
True
Is 5017809 a prime number?
False
Is 50338135 prime?
False
Is 17420191 composite?
False
Is 43694347 prime?
False
Is 10899587 composite?
False
Is 394125479 a composite number?
True
Is 21290011 a composite number?
True
Is 24693881 a prime number?
False
Is 5077417 composite?
False
Is 2552689 prime?
False
Is 18044399 composite?
False
Is 80330807 composite?
False
Is 756891439 composite?
True
Is 4359893 composite?
True
Is 8093893 composite?
False
Is 3529721 prime?
False
Is 13871999 a prime number?
True
Is 836977669 a composite number?
True
Is 3633743 a prime number?
True
Is 3816067 a composite number?
False
Is 3273661 composite?
False
Is 152552783 a composite number?
True
Is 2235094671 composite?
True
Is 12049783 prime?
True
Is 94679006 composite?
True
Is 1566731 a composite number?
False
Is 4364621 composite?
False
Is 965953 a composite number?
False
Is 44229433 composite?
False
Is 100279 composite?
False
Is 358641329 prime?
True
Is 12918179 composite?
True
Is 316504117 prime?
True
Is 187614727 composite?
False
Is 16325033 a prime number?
True
Is 2033453 prime?
False
Is 471170783 a composite number?
False
Is 21203503 composite?
False
Is 37307561 a prime number?
False
Is 1403849 prime?
True
Is 196176043 composite?
True
Is 11830163 prime?
True
Is 99360566 a prime number?
False
Is 4198261 prime?
True
Is 3154985 prime?
False
Is 3435629 composite?
True
Is 156261031 a composite number?
False
Is 876449 composite?
True
Is 61444871 prime?
True
Is 9972671 a composite number?
True
Is 31375409 a composite number?
True
Is 12406561 composite?
False
Is 118144415 prime?
False
Is 21670601 composite?
False
Is 608423 composite?
False
Is 747294829 composite?
False
Is 1246877 a prime number?
False
Is 10631093 composite?
True
Is 215839 a composite number?
True
Is 99847699 prime?
False
Is 19342877 a composite number?
False
Is 329033 a prime number?
False
Is 2234069 composite?
False
Is 2096483 a composite number?
False
Is 18207933 prime?
False
Is 8583221 prime?
True
Is 49482377 prime?
False
Is 1579381 prime?
True
Is 4864369 a prime number?
True
Is 80839321 composite?
False
Is 9077097 prime?
False
Is 73020547 composite?
False
Is 626371 prime?
False
Is 39322 composite?
True
Is 928138 a prime number?
False
Is 1372699 prime?
False
Is 3060313 prime?
False
Is 14633831 composite?
False
Is 30755269 a composite number?
False
Is 438954577 composite?
False
Is 17518661 prime?
True
Is 66430249 prime?
True
Is 2453143721 a composite number?
True
Is 6535013 a prime number?
False
Is 746113 composite?
True
Is 709043 a prime number?
True
Is 221783933 a prime number?
False
Is 50524447 prime?
False
Is 6164159 a composite number?
False
Is 1417541 prime?
True
Is 3015073 a composite number?
True
Is 31475621 composite?
True
Is 109216637 prime?
False
Is 23697853 composite?
True
Is 2891501 composite?
False
Is 4226738 a composite number?
True
Is 1978981 composite?
False
Is 61543483 a prime number?
False
Is 31542887 a prime number?
False
Is 8028521 a composite number?
False
Is 62484893 composite?
True
Is 2208203 prime?
True
Is 2751557 a composite number?
False
Is 4163443 a prime number?
False
Is 6911522 prime?
False
Is 65083651 a prime number?
False
Is 94291 composite?
False
Is 3693381 a prime number?
False
Is 15070733 a composite number?
False
Is 123731417 a composite number?
True
Is 29822623 composite?
True
Is 76486547 a prime number?
False
Is 26124877 prime?
True
Is 39434603 prime?
False
Is 37619479 a prime number?
True
Is 153709291 a composite number?
True
Is 19361905 a prime number?
False
Is 140536111 prime?
False
Is 663427 composite?
True
Is 76444141 composite?
False
Is 7905707 a composite number?
False
Is 927287 composite?
False
Is 17472997 prime?
False
Is 18373801 a composite number?
False
Is 150219457 prime?
False
Is 428727317 a prime number?
True
Is 8364431 a prime number?
True
Is 10370301 composite?
True
Is 11955278 composite?
True
Is 28512853 prime?
True
Is 420599 a composite number?
False
Is 32260717 composite?
True
Is 44629447 a prime number?
False
Is 9635891 a composite nu